i - 20. Let l be (i/(-25))/((-1)/(-5)). Let b(f) = -6*f - 1. What is b(l)?
11
Let d(z) = -17*z**2 + 1. Suppose 7 + 1 = -8*l. Determine d(l).
-16
Let n(y) = -4*y**2 - 7*y - 7. Let j(h) = -3*h**2 - 5*h - 5. Let d(k) = 7*j(k) - 5*n(k). What is d(1)?
-1
Let m(r) = -r + 1. Let b(h) = -2*h. Let i(t) = -t. Let l(x) = b(x) - 3*i(x). Let y be l(5). Suppose y*w + 5 + 5 = 0. Determine m(w).
3
Suppose 4*g = 5*g + 4*y + 9, -5*y - 30 = -5*g. Suppose -t + 5*t - 12 = 0. Let d(v) = v + 1 - 1 + t. What is d(g)?
6
Let a(p) = 3*p**3 + 7*p**2 + 4. Let n(z) = 4*z**3 + 8*z**2 - z + 4. Let t(j) = -3*a(j) + 2*n(j). Determine t(-5).
6
Let l(o) = -o**2 + 23 + 2*o - 9*o - 15. Determine l(-8).
0
Let v(l) = -l**2 - 4*l - 6. Suppose 5*s + 4*f + 25 = -f, -2*f = 5*s + 22. Give v(s).
-6
Let g = 13 + -10. Let r(i) = i**3 - 3*i**2 + 2*i - 2. Give r(g).
4
Let x(a) = -a**2 + 2*a + 3. Suppose 0 = 12*q + 10*q - 66. What is x(q)?
0
Suppose 2*q + 2*q = -4*y - 4, 5*y = -q + 3. Let f(u) = -u - u + 4*u - y + 2. What is f(-4)?
-7
Suppose -4*f - f = -10. Let z(r) = -7*r**3 + 8*r**3 + r + 3*r**2 - 2 - f*r**2. Let g(t) = t**2 + 4*t - 5. Let b be g(-5). Determine z(b).
-2
Let x(g) = -2*g**3 - 2*g**2 - 2*g - 1. Let i(j) = j**3 + 3*j**2 - 10*j - 1. Let r be i(-5). Give x(r).
1
Let s(f) be the first derivative of -f**3/3 - 3*f**2 + 31. What is s(-6)?
0
Suppose 5*j + 31 = 4*u + 8, -2*j - 6 = 0. Let v(n) = n**3 + 3*n - 4 + 3*n + 9*n**u - 2*n**2. Suppose -12 = -b + 3*b. Determine v(b).
-4
Let r(n) = -8*n - 3. Let t(g) = -7*g - 2. Let z(f) = 3*r(f) - 4*t(f). Determine z(-3).
-13
Let y(c) = -c**2 - 6*c - 4. Suppose -7*f = -f + 24. What is y(f)?
4
Let j(f) be the first derivative of 1 + 1/2*f**2 + 5*f. What is j(0)?
5
Let p(s) = -3*s + 3. Let h be 2 + (-1 - -2*2). Suppose -u + 5*u = -12. Let j = u + h. Calculate p(j).
-3
Let z(i) = i**3 + i**2 - 3*i + 2. Let u be -3*1/(3/2). Let d = u - 1. Give z(d).
-7
Let b(y) = -y**3 - 3*y**2 + y + 1. Suppose 0 = 3*a - 2*j, -a + 0*j + 3*j = 0. Suppose a = 4*d - 28 + 4. Let f(z) = z - 8. Let g be f(d). What is b(g)?
-5
Let o = 0 - -2. Suppose o*k + 7 = 3*u, 0 = k + 4*u + u - 16. Let z(s) = 2 - 3*s**3 + s + 12*s**3 + 3 - 6. Give z(k).
9
Let q(a) = -a**3 + 5*a**2 - a + 6. Let c be 16/2 + (-4 - -1). What is q(c)?
1
Let y be (10/(-5))/(2/(-4)). Let a(j) be the second derivative of j**3/6 - 5*j**2/2 + j. Calculate a(y).
-1
Let t(z) = 0*z - 3*z**2 + 4*z**2 + z + 2*z. Let w be (-4)/(0/(-2) - -1). Determine t(w).
4
Suppose 5*f + t + 31 = 0, -2*t - 10 = 2*f - 4*t. Let w(c) be the third derivative of c**5/60 + c**4/3 + 7*c**3/6 - 99*c**2. Calculate w(f).
-5
Suppose -25*q = -30*q + 25. Let f(c) = -c**2 + 6*c - 6. Give f(q).
-1
Suppose -2*c - 5*j - 4 = -j, 0 = 5*c - 5*j - 20. Let o(p) = -12*p - 18. Let n(a) = a + 1. Let g(v) = 15*n(v) + o(v). Calculate g(c).
3
Let u(a) = -a**3 + 4*a**2 + 2*a - 3. Let r(p) = p**3 - 3*p**2 - p + 2. Let x(k) = 3*r(k) + 2*u(k). Give x(0).
0
Let m(f) be the second derivative of -f**4/4 + 2*f**3/3 - f**2 + 6*f. Let x(g) = g**2 - 4*g - 3. Let d be x(5). Determine m(d).
-6
Let b(x) = 3*x**2 + 2*x + 2. Let n(w) be the first derivative of w**3/3 + w**2/2 - 1. Let r(f) = -b(f) + 4*n(f). Let s = 13 - 17. Calculate r(s).
6
Suppose n - 2*d - 10 = d, 3*n + 4*d - 17 = 0. Suppose -n*w - 5*s + 28 = -3*w, -4*s = -16. Suppose 0 = -3*v + w*v. Let k(u) = -u - 6. Give k(v).
-6
Let s(k) be the second derivative of -k**3/6 + 3*k**2/2 - 2*k. Let c be s(3). Let j(r) = r**3 - r - 4. Determine j(c).
-4
Let c(o) = -o + 2. Let b = 7 - 5. Let q be ((-14)/6 + b)*-21. Suppose 0 = -0*r - 5*r + 2*w + q, 4 = -4*w. Give c(r).
1
Let n(t) = -t**2 - t - 2. Let v(b) = b**2 - b. Let o be (1/3)/((-2)/(-12)). Let u be v(o). Suppose l + 1 = -u. What is n(l)?
-8
Let t(x) = -x**3 + 5*x**3 + 2*x + 4*x**2 + 4 - 3*x**3. Determine t(-4).
-4
Suppose -4 - 14 = -6*m. Let w(a) = 7*a - 2. Give w(m).
19
Let v(o) be the third derivative of -o**5/60 - o**4/6 - o**3/6 + o**2. Suppose -5*y - 3 + 0 = -s, -6 = -2*y - 2*s. Let h be (-6)/(6/4 + y). Calculate v(h).
-1
Let p = -2 - -5. Let o(b) be the second derivative of -b**3/6 + b**2 - b. Determine o(p).
-1
Suppose 0 = -d + 6*d - g - 20, 0 = 4*g. Let j(v) = 4*v - 6. Give j(d).
10
Suppose 2*q - 3*i + 4 - 24 = 0, -3*i - 32 = -5*q. Suppose -5*v - 35 = -4*f, 6*v - 4*f = q*v - 26. Let n(a) = 4*a + 2. Give n(v).
-10
Suppose -4*h + 3 = -3*v + 1, h = 2*v - 2. Suppose -x + h*t = x - 8, x + 5*t + 8 = 0. Let i(m) = m**2 + 2*m - 3. What is i(x)?
5
Let u(i) be the first derivative of 3*i**2/2 - i - 1. Let f be u(2). Let d(g) = -2*g + 5. Determine d(f).
-5
Let l(s) = s**2 - 6*s**3 + 57 + 55 - 113. Give l(1).
-6
Let l(x) = -2*x - 3. Let o = 5 - 1. Suppose o*s - 15 = -s. Determine l(s).
-9
Let o(v) be the second derivative of 8*v + 1/20*v**5 - 1/3*v**4 + v**2 - 1/6*v**3 + 0. Determine o(4).
-2
Let q(z) = -2*z - 1. Let r(x) = 2*x + 3. Let l be r(7). Let o be l/(-3) + 2/(-6). What is q(o)?
11
Let n(f) be the second derivative of -f**3/6 - f. Suppose -8*c = 5 + 19. Determine n(c).
3
Suppose -5*q - 32 = -7. Let i(x) = -x**2 - 4*x. Give i(q).
-5
Let m(z) = -z**2 - 6*z + 5. Let b(q) = -9*q + 2. Let t be b(1). What is m(t)?
-2
Let a(p) be the first derivative of 3*p**2/2 + 3*p + 10. Calculate a(-2).
-3
Let b(c) be the first derivative of c**3/3 - 5*c**2/2 + 5*c + 4. Let p be -4*(-1 + 7/4). Let h be (-2)/(-3) + (-13)/p. What is b(h)?
5
Let t(a) = a**2 - 9*a - 2. Let i be t(9). Let c(l) = -l**3 - 4*l**2 - 4*l - 3. What is c(i)?
-3
Let f = 199 + -202. Let z(o) = o**3 + 3*o**2 + o + 3. Determine z(f).
0
Suppose 13*o = 8*o. Let v(m) = m + 4. Let j be v(3). Let a(r) = j + 6*r - 3*r - 2*r. Determine a(o).
7
Let s(y) be the second derivative of -y**3/6 - 13*y. Calculate s(0).
0
Let d(s) = s**3 - 6*s**2 + 6*s - 3. Let j = 25 + -21. Give d(j).
-11
Let w(f) = f**3 - 10*f**2 + 8*f + 13. Let b be w(9). Let o(y) be the second derivative of 3/2*y**2 - 2*y - 2/3*y**3 - 1/12*y**b + 0. Calculate o(-4).
3
Suppose 5*l + 3 = 2*l. Let a = l + 5. Let t(j) = -3*j**3 + 2*j**2 - j - 2. Let x(y) = -7*y**3 + 3*y**2 - 3*y - 3. Let s(z) = 5*t(z) - 2*x(z). Calculate s(a).
0
Let v be 1 - 0 - 7*1. Let b(c) be the first derivative of c**2/2 - c - 2. Calculate b(v).
-7
Let m = -11 - 0. Let w = m + 15. Let c(t) = 3*t + 1 - 2*t - 4. Calculate c(w).
1
Let v be -2*-3*10/15. Let w(z) be the second derivative of -z**3/6 + 3*z. What is w(v)?
-4
Let p be 15/4 + 1/4. Let f = p - 3. Let q(a) = -3*a**3 + 2*a - 1. Give q(f).
-2
Let f(p) be the first derivative of p**3/3 + 3*p**2/2 + 2*p - 1. Suppose -13*h = -3*h + 30. What is f(h)?
2
Suppose 0 = 2*q - 3*q - 1. Let i(c) = c - 3 + 4*c + 3. Give i(q).
-5
Let t(b) = 3*b - 1. Let w be 1 - -1 - (5 + -3). Let j(d) = 2*d + 3*d + d + 1 - d**2 + w*d. Let k be j(6). Determine t(k).
2
Let a(d) = 3*d + 1. Let u(l) = -5*l - 2. Let z(r) = -13*a(r) - 6*u(r). Give z(-1).
8
Let u(y) = 13*y**3 + y**2 - 1. Let r(f) = 7 - 3*f - f - 7. Let c be r(6). Let b be 8/c*3/1. Give u(b).
-13
Suppose 0 = 5*w - 3 + 33. Let o = w - -5. Let l(j) = j**3 - j**2 - j. Let a(h) = -3*h**3 + 4*h**2 + 3*h. Let z(m) = o*a(m) - 4*l(m). Determine z(-2).
6
Let g be 6/4*16/12. Let y be -1*(-2 + 2 + g). Let q(o) = -2*o**3 - 6*o**2 - 4*o + 3. Let u(z) = z**2 + z - 1. Let i(h) = -q(h) - 5*u(h). Determine i(y).
-8
Let a = 10 + -10. Suppose i + 8 = 5*i - 4*d, a = 5*i - 3*d. Let g(t) = -3*t - 2. Calculate g(i).
7
Let n(j) = 12 - 10 - j + 1. Suppose -5*s - 4*b = -0*s + 5, -4*s - 5*b = 13. Calculate n(s).
0
Let n(y) = -5. Let t(s) = s. Let w(k) = -n(k) - 2*t(k). Give w(5).
-5
Let d(u) = -2*u**3 - 19*u**2 - u + 5. Let s(m) = m**3 + 9*m**2 - 3. Let y(x) = 4*d(x) + 9*s(x). Determine y(-6).
-19
Let n(s) be the third derivative of 0*s - 1/3*s**3 + 2*s**2 + 1/20*s**5 + 0*s**4 + 0 + 1/120*s**6. Give n(-3).
-2
Suppose 3*j - 5*j + 4 = 0. Let z(d) be the first derivative of d**2 - d + 1. What is z(j)?
3
Let g(y) = y**2 - 2*y - 1. Let k(v) = -2*v**2 + 5*v + 1. Let u(w) = 7*g(w) + 3*k(w). Let i(h) = -h**3 + 7*h**2 + 6*h + 16. Let x be i(8). Determine u(x).
-4
Suppose b + 12 = 5*b. Let z(h) = 0*h**3 + 1 - 3 + 3 + h**b + 3*h**2 - 5*h. Let d be 1 - (-2 + 2) - 5. Give z(d).
5
Suppose -3*q = -15, -2*p + 7*p = 3*q - 30. Let v = -1 + p. Let t(j) = j**3 + 3*j**2 - 4*j - 3. Determine t(v).
-3
Let j(k) = -3*k**3 - 21*k**2 - 10*k - 3. Let q(n) = -n*